-15
-12
Calculate -2 + -11 - ((11 - (10 - -7)) + 5).
-12
Evaluate (32 + -14 - 22) + 4.
0
Evaluate (-5 + 0 - (-7 - -2)) + (-19 - -5).
-14
-11 - (5 - (-11 - (-9 - 27)))
9
Calculate -2 - 1 - (-4 + (-21 - (10 + -19))).
13
What is the value of -28 + (-21 - (-7 - 18))?
-24
Calculate -14 - (-31 - -6 - 1).
12
Calculate 9 - (6 - 9 - -1).
11
Calculate -16 + 3 + -7 + -4 + 18.
-6
What is -12 - (5 - (16 - -5))?
4
Evaluate (-49 - -53) + (-6 - -1) + -3 + 3.
-1
Evaluate (-6 - ((5 - 5) + 3)) + -17 + 47.
21
Calculate 14 + (-22 - (17 - 9)).
-16
What is (8 - (5 + -4 - -10)) + -7 + 35?
25
20 - (8 + -17 + 26 + -5)
8
Calculate (-24 - -20 - -6) + (-5 - -7).
4
What is -3 - (13 - 6 - 13)?
3
Evaluate 17 + (3 + -2 + 5 - (28 + -26)).
21
Evaluate -85 - -85 - (-3 - -7).
-4
What is the value of (-10 + 5 - (-16 - 0)) + -12?
-1
23 - 16 - 2 - -1
6
-5 + (7 + -17 - -29)
14
-4 + 18 - 1 - 16
-3
Calculate -4 + 8 + (40 - 41).
3
What is 0 + 15 + (651 - 680)?
-14
Evaluate (32 - -13) + -27 + -23 + (0 - -22).
17
What is 17 - (-12 - ((17 - -3) + -12))?
37
Calculate -2 + -21 - (-14 + 5 + -3).
-11
What is the value of -11 - (9 + (-2 + 7 - (13 + 7)))?
-5
Evaluate -7 - ((0 - 1) + 4 + -5 + -18).
13
Calculate 2 + 4 + (-10 - (-32 + 16)).
12
What is the value of -9 + 18 + 12 + -7 + (6 - -1)?
21
Calculate 14 + -42 + 23 - (-14 - -1).
8
What is (1 + -5 - 28) + (20 - 4)?
-16
What is the value of ((0 - 0) + -55 + 83 - 3) + -5?
20
Calculate -7 + 7 + (-4 + 10 - -7) + 9.
22
What is -286 + 283 - (-2 - (2 + 0))?
1
Evaluate -19 - -21 - (3 - -6).
-7
What is -18 + 30 + -9 + -13 + -1 + -1?
-12
Evaluate -20 + 27 + (-13 - -3).
-3
Evaluate (-5 - -16 - 12) + 5.
4
(-2 - (-4 - 1)) + 6 + -8 + 0
1
Evaluate 1 - -1 - (-2 - (-3 + 10)).
11
4 + (10 + -9 + 8 - 7)
6
Calculate -37 + 75 - 31 - (-14 - -1 - 0).
20
What is the value of -3 + -2 + (9 - (16 - (-5 - -7)))?
-10
What is the value of 11 + -11 + -9 + 23?
14
Evaluate -34 + 31 + 0 + -1 + 6 - -8.
10
What is (-5 - (34 - 12)) + 48?
21
Evaluate (9 + -7 - 6) + -1 + 4 + 17.
16
What is the value of 0 + (10 - 4) - (2 - 5)?
9
Evaluate -9 + 6 + (2 + 3 - -5).
7
Evaluate -37 - (1 - (-9 - -25) - -1).
-23
Calculate 5 + (15 - 7) - 22.
-9
Evaluate (7 - (5 + -3)) + (401 - 419).
-13
What is the value of -1 + 5 - (-9 + 3 + -47 + 33)?
24
Calculate 62 + -60 + (3 + -4 - -2).
3
What is the value of (1 - 14) + 3 + -8 + 10?
-8
Calculate -2 + 5 + -12 + 1 - (-11 - -11).
-8
What is 5 - ((21 - 11) + -7 - (-2 - 5))?
-5
Calculate 12 + (14 - 5 - 6).
15
Evaluate -1 + 9 + -15 - -9.
2
4 - ((0 - 1) + 12)
-7
What is (24 - 11) + -3 + -10?
0
Evaluate (-5 - -1) + 1 + 1 + -1 + 22.
19
What is the value of -47 + 38 + (-1 - (4 + -3)) + 1?
-10
22 - 17 - (-5 + 3 + 22 - 7)
-8
What is -14 - -2 - (-59 + 57) - (2 - 1)?
-11
(7 - 3) + 15 + -22
-3
What is the value of (100 - 92) + 5 + -10 + -5?
-2
Calculate (3 - 5) + (-7 + 1 - -11) + -5.
-2
Calculate -7 - 9 - -6 - -8.
-2
Evaluate 113 + -97 - (-1 + 1).
16
What is the value of 22 - (-2 - -10) - (-3 + -5 - 0)?
22
-16 + 4 + 17 - 22
-17
What is (1 - -21) + 2 + -31?
-7
What is 3 + -3 + 32 - (9 - 11 - -2)?
32
Evaluate -14 - (3 + 15 + -7 + 5).
-30
Evaluate -30 + (9 - ((-5 - -1) + 9) - 5).
-31
What is the value of (-152 - -129) + -18 + 10?
-31
9 - (-5 - (-10 - -7) - -6) - 1
4
Calculate 15 + (0 - -4 - (1 + 2)) - 8.
8
What is -5 + (-25 - -19 - -23)?
12
What is the value of 20 + -27 + (-4 - -12)?
1
Evaluate 0 + (2 - 0) - -8 - (-148 - -151).
7
Evaluate 2 - (0 - 24) - (1093 - 1083).
16
Calculate -21 - (-32 - (-20 - -37)).
28
Evaluate -17 + (-32 - (-79 - -14)).
16
What is 15 + -1 - 73 - -39?
-20
Evaluate (-24 - (11 - 28)) + -2 + 4 + 5.
0
What is 10 + -17 + 11 + 3 + -17?
-10
What is 3 - (4 + -2) - 2 - (82 + -83)?
0
What is (10 + -11 + 4 - 19) + 1 + 2?
-13
What is 9 + -10 + 2 + (6 - (-4 + 9))?
2
Calculate -1 - 34 - (-6 - ((-16 - -39) + -21)).
-27
What is 36 + (29 - 59 - 8)?
-2
-13 - (-41 - (-45 + 13))
-4
What is -11 - 5 - (1 - (-12 - -4))?
-25
(9 - 0) + (565 - 564)
10
What is the value of 7 + (16 - 13) - 0 - (6 - 1)?
5
-4 - (-16 + (0 - -4))
8
What is 14 + (-3 + -5 - (-1 - 20))?
27
Calculate 7 + (1 - 12 - -2 - -27 - 9).
16
Evaluate 0 - (-4 + (-8 - -10)) - (1 - 5).
6
What is (-6 - (26 - 44)) + -22?
-10
What is the value of 8 + 0 + -1 - (-197 - -193)?
11
What is the value of 9 + 27 + (19 - 40)?
15
-10 - ((-17 - -3) + 15)
-11
What is the value of (-5 - 20) + -40 + 54?
-11
What is 7 - (-2 - -18) - (-6 + -29)?
26
What is the value of (-17 - -47) + (-20 + 16 - -5)?
31
What is 3 - 6 - (7 - (1 + -10)) - 4?
-23
Calculate 11 + 18 - -12 - 24.
17
Evaluate -5 - (-25 - -10 - 19).
29
Calculate 6 + -16 - ((3 - 8) + 16 + -4).
-17
5 + (-1 - -1) + -713 + 717
9
What is the value of -34 - (-75 - (-21 + 6))?
26
7 + 6 + -20 - (0 - (2 - 0))
-5
Calculate -2 + 9 - (-482 - -505).
-16
What is the value of (-3 - -22) + (1 - 14)?
6
What is -5 - ((-2 - (3 + -4)) + -6)?
2
What is (-10 + 9 - (1 - 5)) + -7?
-4
What is 4 - 8 - (2 + 0 + 1 + 3)?
-10
What is -41 + 4 + -4 - -36?
-5
What is the value of -7 + -4 + -9 + 3 + 9?
-8
What is (7 - 44 - -12) + 51?
26
Calculate -7 - (8 - (11 + -9) - 18).
5
Calculate -1 + (4 - 1) + -11 + -15 + 22.
-2
10 - (15 + -27 - -41)
-19
-2 + 0 - ((-21 - -9) + 2 + 1)
7
What is the value of (12 - (1 - 2)) + -17 + 13 - -4?
13
What is 34 - (16 - (-28 - -22))?
12
19 - (-18 - -13) - 25
-1
Evaluate (-9 - (-5 - -5)) + 8.
-1
-40 - 1 - (31 - (10 - -25))
-37
Calculate -3 + -4 + (-3 - -5) - 4.
-9
-17 - 0 - (-108 - -85)
6
What is -2 + -11 + -13 + 27?
1
Calculate -8 - (19 + -21 + 8 + 1).
-15
Calculate (7 + 14 - 17) + 9.
13
32 - (13 - (15 - (11 + 2)))
21
What is the value of (75 - 45 - 63) + 26?
-7
Calculate 7 - (-3 - -1 - -24) - -9.
-6
12 - (8 + -9 + (-4 - -11))
6
Calculate -9 + ((-5 - -4) + 0 - -6).
-4
What is the value of (1 - -8) + (7 - 11)?
5
Evaluate -8 - ((1 - 12 - -5) + 2).
-4
Evaluate 15 + 0 + -1 - 25.
-11
Calculate 23 + (0 + 3 - 19).
7
6 - -1 - ((28 - 27) + 30)
-24
(-1 - 4) + (10 - (40 - 14) - -9)
-12
What is (39 - 21) + 15 + -25?
8
What is -84 + 80 + -7 + 5 + 1 + 16?
11
What is (-9 + 3 - -9) + 21 + -2?
22
What is (-4 + 3 + -1 - 2) + (-15 - -32)?
13
Evaluate -2 - (-7 - (4 + -27) - (13 - 6)).
-11
Evaluate 2 + 7 + -11 + -4.
-6
Calculate 26 + -46 + (12 - -1) - (1 - 20).
12
Calculate 6 + 0 + -7 + -5 + 0.
-6
What is the value of 1 + (-10 - -14 - -15) + -8?
12
Calculate -7 - (0 + -5 + 56 + -17 + -11).
-30
4 + -4 + 13 - (-72 + 70)
15
-23 + (1 - -9) + -36 + 34
-15
-27 + (-9 - (-36 - -16))
-16
What is the value of (-5 - 15) + 10 + -2?
-12
Evaluate 21 + 3 + 4 + -123 + 113.
18
What is the value of -6 - (2 + 2 - 12) - (13 - 4)?
-7
Evaluate 2 + (0 + -12 + 0 - -4 - 20).
-26
(-27 - -22) + -1 + 5 + 3
2
What is 28 - (18 + (-40 - -27))?
23
What is the value of 5 - (16 - 0 - (1 - (-28 - -36)))?
-18
What is the value of 15 + 0 + -99 + 74?
-10
Calculate (3 + -5 - 0) + (5 - 2 - -8).
9
Calculate -9 + -4 + 17 + 4 - 10.
-2
Evaluate -2 - 1 - (7 + 15 + (-48 - -6)).
17
What is the value of -44 - (-101 + -29 + 46)?
40
Evaluate -5 + -13 + 11 + 1.
-6
What is 1218 + -1200 - (-1 + 33)?
-14
Calculate 19 + -22 - (-3 - 7).
7
What is -1 - (-18 + -37 + 61)?
-7
What is the value of 7 - (-8 - -25 - (-4 + 13))?
-1
What is the value of -1 + (0 - -1) - (-10 - -31)?
-21
What is 36 + 2 - (-35 + 51) - 13?
9
What is 1 - ((0 - -8) + (0 + -3 - -4))?
-8
What is the value of (-1 - -7) + (12 - (-6 - -34))?
-10
Evaluate (0 - 7) + (13 - (11 - (-4 + 4))).
-5
Calculate 20 + (-62 - -39) + -21.
-24
Calculate (7 - (4 + 16)) + -1.
-14
Evaluate 5 - 1 - ((-44 - -15) + 34).
-1
What is 8 + -4 + (4 + (-1 - -3) - 1)?
9
Evaluate 4 + (3 - (5 - 3)) + 0 + 2.
7
What is 11 - 27 - (-10 + 8)?
-14
What is -107 - -39 - -36 - -50?
18
What is the value of (27 - 45 - (2 + -5)) + 9?
-6
Evaluate 35 + -2 - (-26 - (20 - 39)) - 3.
37
Calculate -2 - (12 - (-1 + -2 + 6 + 9)).
-2
What is -17 + 1 - (588 - 602)?
-2
What is 13 - (1 + -16 - -5 - -4)?
19
What is the value of 70 + -65 + (-13 - (-7 + -1 - -2))?
-2
What is (-5 - -8 - 9) + (-8 - (-11 - -4))?
-7
What is the value of 5 + 29 + -11 + -18?
5
-6 - 11 - (23 - (16 - -24))
0
What is 3 - 12 - (156 - 167)?
2
Calculate -6 + (-11 + -6 - -9) + (-1 - -1).
-14
Evaluate -18 - (19 + -31 - 24).
18
Calculate (-9 - (14 + -21)) + 2 + -5.
-5
Calculate (-5 - -18) + -12 - (1 - (0 - 16)).
-16
What is the value of -4 + (-8 - -8) + 6?
2
-15 - -1 - (56 + -60